(-2 + 1)?
29
Calculate -13 - (-3 - -10) - (0 + -4 - (-17 - -11)).
-22
What is 55 - -65 - (447 + -273)?
-54
Evaluate -32 + 40 - -10 - -21.
39
What is (44 - (-1 + 89)) + -30 - 27?
-101
What is the value of 6032 + -6051 + (20 - 0)?
1
What is -16 + -12 - -8 - (-118 - 0)?
98
Calculate (-16 - (3 + 3 - (-12 + 10))) + 11.
-13
Calculate (90 - (0 + 5 + 0 - 10)) + (-27 - -30).
98
Evaluate (-15 - -1) + -1020 + 1037 + -29 + -1 + -1.
-28
Evaluate -61 + 4 + -2 + -14 + (-19 - (-5 + -20)).
-67
Evaluate 121 - -4 - (5803 + -5813).
135
23 + -69 + (96 + 16 - 15)
51
What is -42 + 132 - (12 + (-2 - 1 - 4))?
85
(0 + 10 - -5 - 20) + 4 - (-5 + 1)
3
What is the value of -2 + 2 - (-43 + 1 - (47 - 47))?
42
What is 15 + -6 + (-28 - -11) - (83 - (11 + -7))?
-87
What is the value of -6 + (-33 - (-4 + (12 - 2)))?
-45
(3 - 0) + -3 - (-94 + 111 + -28)
11
What is the value of 39 + 55 + -2 + 4 - (4 - 4 - -11)?
85
What is (-97 - (20 - (-1 + -1 + 3))) + -9?
-125
What is the value of 555 + -518 + -84 + 0?
-47
Calculate -10 - -1 - ((-6 - 2) + 4 + (-78 - -75)).
-2
Evaluate (-60 - -59) + (-2 - (-11 + 4 + 9)) + 16.
11
Evaluate -1 - 2 - (756 - 718).
-41
What is the value of (8 - -33) + (59 - (6 + 27))?
67
Evaluate 59 + (25 - 82) + 35 + -36.
1
What is 566 + -574 + -6 + 1 + 13?
0
Calculate 20 + 9 + 48 + -16 + -2.
59
Evaluate -2 + -3 + 18 - ((1477 - 1507) + (4 - -1)).
38
Evaluate -263 + 334 + (-65 - -1).
7
Evaluate (-41 - (-73 + 25)) + (10 - -6).
23
What is -9 + 21 - -91 - 20 - 38?
45
What is (-54 - -49) + 28 - (1 - 74)?
96
What is (5 - (199 + -147)) + 16?
-31
Evaluate 158 + (-122 - (-77 - 21)).
134
Evaluate -3 + -9 + -4 + (-1203 - -1284).
65
Evaluate 67 - (5 - -27) - 131.
-96
What is (-61 - (21 + -65)) + 1 + 3 + 21?
8
Evaluate -19 + 68 + -27 - (-16 - 1).
39
Calculate -2 - (-4 - 85 - 5) - (-179 + 163).
108
Calculate (22 - 7 - 6) + (-1 - 47 - (8 - -10)).
-57
What is the value of (-2 - -37) + (3 - (-17 + 27)) + 23 + -3?
48
Evaluate 47 + -1 + 1 + 1826 + -1844.
29
(7 - 47) + (23 - 40 - 5 - -21)
-41
Evaluate 6 + (-134 - -21) + 64.
-43
What is the value of -30 - (33 + -2) - (30 - 54)?
-37
Evaluate 23 + -23 + -88 + 232.
144
What is the value of 48 + -26 + -17 + 0 + 16?
21
What is the value of (-27 - -39 - 31) + (4 - 29)?
-44
Calculate -96 - 1 - (44 + -101).
-40
What is -2 + 142 + -8 + 4 + 4 + -11 + -10?
119
What is the value of -30 - (17 + -6 + -9 + -2 - (22 - 16))?
-24
Calculate (-1 + 3 - (2 - 6)) + 29.
35
Calculate 21 - (12 + 20) - (-8 + 0 - (97 - -2)).
96
Calculate 123 + 69 + -93 - 37.
62
What is (-1 - -3) + 44 - (515 - 514)?
45
Evaluate 72 + (1 - 11) + (-31 - -8 - -12 - -9).
60
Calculate -2 + -5 + (3 + -2 + -32 - 2).
-40
36 - (-38 + (-23 - (27 - 213)))
-89
Calculate (-50 - (34 - 78)) + (-2 + 4 + -3 - 22).
-29
What is the value of 15 + (0 - -12 - 22) + (-9 - -2) - 42?
-44
(-7033 - -7111) + 1 + -48
31
(9 - -2) + (-23 - (16 + -27 + -7))
6
What is -5 + -1 + 1 + (-10 - -38) + -8 + -12?
3
What is 503 + -514 + 1 + -46 + 18?
-38
Evaluate -13 + (-9 - -7 - -17) + (41 - 38).
5
What is the value of 0 + (-2 - 4 - -15) + 9?
18
What is the value of (31 - 13 - 17) + (5 - 0) + 36?
42
What is -12 - ((0 + 7 - -1) + -24)?
4
Evaluate 23 + 15 + -24 + (3 - 8) + (-1 - 45).
-37
Evaluate 18 - 261 - (-10 - 98).
-135
Evaluate (-42 - (49 - 72)) + -4 + (55 - 2).
30
Evaluate -2 + (15 - 4) + (-15 - (18 + 21 + -110)).
65
(-22 - (-78 + 46)) + (-3 - (-6 - -1) - 132)
-120
-9 + 24 - 19 - (28 + -3 + -2)
-27
What is the value of -17 - (2 + 0 - (410 - 424))?
-33
What is -46 + (-9 - (-11 - (-10 + (22 - 6))))?
-38
-43 + 50 - (7 + 56) - -12
-44
What is the value of -42 + (-65 + 13 - -35)?
-59
Evaluate -58 + (-10 - 54 - -76).
-46
-96 + 124 - (17 + -5 + 5 + -6)
17
Calculate -4 - 21 - (-64 - (-19 + -72)).
-52
What is 49 + -28 + -30 - -14?
5
Calculate -209 - ((-55 - -57) + -144).
-67
What is the value of 36 + 0 + (9297 - 9319)?
14
What is the value of (-38 - 1 - -54) + -18?
-3
What is 17 + (10 - 5) + (-7 + 5 - 12) - 77?
-69
What is -120 - (-72 - 161) - 72?
41
(-2 + -9 + 29 - (4 - 18)) + -3
29
(23 - (-13 + (4 - -1))) + 4 + 5
40
Evaluate 124 + -81 + -42 - (3 + -4 - 105).
107
Evaluate 83 + -62 - (-1 + 12) - (0 + 3).
7
-42 + (26 - (-160 - -294))
-150
What is 32 + -150 + -20 + (57 - 22)?
-103
What is the value of -8 - (-11 + (-16 - 8 - -14 - (1 - 73)))?
-59
What is the value of 10 + -48 + 25 - (-1 - -17)?
-29
-27 + (18 - 16 - -6) + -8
-27
Evaluate 0 + (50 - 16) + -13.
21
Calculate 30 + -18 + 51 - (-3 - 13).
79
Evaluate -66 - (-9 + 55) - (-26 + 9).
-95
Evaluate -55 + (29 - (-58 + 43)).
-11
What is the value of -192 + 138 + (24 - -4) + 19 + 105 + 0?
98
Evaluate 73 + -89 + 103 + (-5 - (-9 - 0)).
91
-21 + -3 + 19 + 8 + -55
-52
Calculate 12 - -1 - (-88 + 14 - -153).
-66
What is the value of -1 + 3 + 11 - (-42 - (-52 - (7 + -50)))?
46
-1 + 2 - 23 - (-567 + 559) - 6
-20
What is the value of 12 - -8 - (-480 - -570)?
-70
Calculate (24510 - 24494) + (-1 - (-10 + 0)).
25
What is the value of 11 - (69 + (-53 - -47 - (-8 + 2)))?
-58
Evaluate -92 + (-155 - -96) + 279.
128
What is the value of -4 + ((3 + -2 - (-8 - -24)) + 3 - 1)?
-17
Calculate 89 + 243 + -302 - (-1 - 0 - 1 - 2).
34
Evaluate -30 + 24 + 12 + -7 + 15.
14
35 + (52 - 56) - (-19 - 0)
50
What is -93 - (138 - 259 - -153)?
-125
Evaluate 87 + (-1 - 0) - (274 + -291 + 21).
82
Evaluate (-41 - (16 - 9)) + 33.
-15
What is the value of 49 - ((42 - -92) + 15 + 11)?
-111
Calculate 62 - (-2 - (-65 + 26)).
25
Evaluate (12 - (-202 - -155)) + 40.
99
Calculate 75 + -1 - (3945 + -3855).
-16
Calculate -37 + -1 - 0 - (-47 - (88 + -135)).
-38
Calculate (-16 - (9 + -17 + 4)) + 10 + 4.
2
Calculate -16 + 21 + 16 - -26.
47
What is -23 + (26 - 8) + 9 - -52?
56
-28 + 16 - ((24 + -12 - 10) + 17)
-31
Evaluate 3 + 39 + 3 + (108 - (-157 - -258)).
52
Calculate (216 - 278) + (-18 + 15 - 2 - (7 - 1)).
-73
-28 + (-5 + 34 - -33)
34
What is -51 + (12 - -10) + -5?
-34
Calculate -659 + 653 + (-4 - (1 - 2 - 13)).
4
7 + -16 - -19 - (6 + 18 + -38)
24
-29 - (-57 - -2) - 42 - 27
-43
(43 - (52 + 4)) + 33
20
What is -60 + 102 + -10 - 51?
-19
Calculate (-69 - (-2 - (-13 + 27))) + -9 + -2 - 8.
-72
Calculate (-9 - 0) + 1 + 56 + -122 + -3 + -2.
-79
What is (50 - 84 - -90) + (-1 - (7 - 0))?
48
Calculate 184 - (134 + -120) - (42 - 4).
132
-505 - -418 - (6 - (7 - -29))
-57
Evaluate -33 + (-8 - -28 - (6 - -1)) + 8.
-12
What is the value of -58 + (-13 - 24 - -33)?
-62
Evaluate -20 - 24 - (8 - ((-1 - -10 - 9) + 7)).
-45
Calculate -9 + (-1 - -1) + (209 + -223 - (1 + -85)).
61
Calculate (62 - 1) + (-144 - -132) + 9 + 0 + -6.
52
What is -45 - -2 - (0 + 11 + (-49 - -32) + 4)?
-41
What is 10 + -15 - (-9 - (-4 + -1)) - (-85 - -24)?
60
What is 63 + -52 + -50 + 54?
15
What is -6 - -3 - (-132 - -90 - (-11 + -1))?
27
What is (-13 + -8 + 17 - (2 - -135)) + 12 - 4?
-133
(-170 - -183) + (-7 - 1) - -9
14
What is the value of -95 + 108 + -2 + 28?
39
200 - 181 - (0 - 102) - 1
120
Calculate -10 + -6 + -1 + 16 + -19 - 11.
-31
What is the value of -29 + (148 - 81) + -59?
-21
What is 27 + (-3 - 5) + (-24 - (-47 + 8))?
34
What is 9890 + -9855 + (64 - -1)?
100
Evaluate (10 - (-2 + 3)) + (19 - 12 - 8) + 19.
27
What is the value of (-18 - -1) + (0 - (99 + -94))?
-22
What is -48 + 2 + (-130 + 135 - (22 - 1))?
-62
(-36 - -49 - -53) + 8
74
(2 + -2 - (-3 - -40)) + (46 - 32) + -17
-40
What is 3 - (-7 - (8 - (-9 + 46)) - -13)?
-32
What is the value of 31 + -12 + -126 + 79?
-28
1 - -132 - (-11 - (3 + -2 + -235 + 225))
135
18 + (13 + 18 + -26 - 11) + 4
16
Evaluate 13 - (1 - (-6 + -7) - 54).
53
What is the value of (2 - 9) + -15 + 50 + -16?
12
0 - (9 - (21 + -23 - 11))
-22
What is the value of 203 + -201 + 128 + -254?
-124
What is 18 + 86 + -6 + (-22 - -11) + 3?
90
What is the value of 74 - 205 - (-37 - 64)?
-30
9 + -4 + -2 - 3 - (-41 + 83)
-42
What is the value of -46 + (-171 - -26) + 102?
-89
What is the value of -1 + -4 + -2 - (30 - (21 + -19 - 17))?
-52
Evaluate 25 + (6 - (11 + 7)) + 6 + 22.
41
What is (-23 - (0 + 28)) + 56?
5
What is -32 + (12 - 23) + -25 - 44?
-112
Calculate 15 + -32 - (-17 + (10 - (8 - 8))) - 55.
-65
What is (31 + 18 + -21 - -11) + 18?
57
Evaluate 428 - 435 - (10 - 147).
130
Evaluate -6 + -11 + (-4 - -10) - (4 + 6 + 34).
-55
What is the value of (5 - -6 - 30) + (8 + -13 - (-1 + -1))?
-22
Evaluate -1 - (-93 + (60 - -56)).
-24
What is -56 + (1 - -4) - (1150